{"id":1402,"date":"2016-02-12T08:13:06","date_gmt":"2016-02-12T08:13:06","guid":{"rendered":"http:\/\/demos.famethemes.com\/onepress\/?page_id=24"},"modified":"2019-04-22T14:45:45","modified_gmt":"2019-04-22T19:45:45","slug":"desarrollos","status":"publish","type":"page","link":"http:\/\/intersoft.com.mx\/new\/desarrollos\/","title":{"rendered":"Desarrollos"},"content":{"rendered":"\n<p>La metodolog\u00eda para el desarrollo de sistemas, es un conjunto de Fases, Actividades y Tareas sistem\u00e1ticamente estructuradas desde la solicitud de un requerimiento para el desarrollo de sistemas hasta su implantaci\u00f3n y mantenimiento, pasando por cada uno de los pasos que involucra.<\/p>\n\n\n\n<p>Esta Metodolog\u00eda fue desarrollada como un requerimiento hacia\ncualquier proyecto, buscando:<\/p>\n\n\n\n<ul><li>1) Proporcionar los lineamientos para organizar, planear y ejecutar los proyectos para el desarrollo de sistemas de nuestros clientes. <\/li><li>2) Estandarizar los procesos y herramientas para realizar el an\u00e1lisis del proyecto. <\/li><li>3) Utilizar las herramientas definidas o las necesarias para el desarrollo y mantenimiento de sistemas. <\/li><li>4) Facilitar el entendimiento e integraci\u00f3n entre &#8220;TODOS&#8221; los participantes (stakeholders) del proyecto. <\/li><li>5) Asegurar la documentaci\u00f3n adecuada de cada una de las actividades involucradas proporcionando elementos suficientes para la integraci\u00f3n de nuevos miembros al equipo de trabajo y\/o futuras actualizaciones al sistema.<\/li><\/ul>\n","protected":false},"excerpt":{"rendered":"<p>Contamos con gente certificada.<\/p>\n","protected":false},"author":1,"featured_media":1343,"parent":0,"menu_order":0,"comment_status":"closed","ping_status":"closed","template":"template-fullwidth.php","meta":[],"_links":{"self":[{"href":"http:\/\/intersoft.com.mx\/new\/wp-json\/wp\/v2\/pages\/1402"}],"collection":[{"href":"http:\/\/intersoft.com.mx\/new\/wp-json\/wp\/v2\/pages"}],"about":[{"href":"http:\/\/intersoft.com.mx\/new\/wp-json\/wp\/v2\/types\/page"}],"author":[{"embeddable":true,"href":"http:\/\/intersoft.com.mx\/new\/wp-json\/wp\/v2\/users\/1"}],"replies":[{"embeddable":true,"href":"http:\/\/intersoft.com.mx\/new\/wp-json\/wp\/v2\/comments?post=1402"}],"version-history":[{"count":4,"href":"http:\/\/intersoft.com.mx\/new\/wp-json\/wp\/v2\/pages\/1402\/revisions"}],"predecessor-version":[{"id":1665,"href":"http:\/\/intersoft.com.mx\/new\/wp-json\/wp\/v2\/pages\/1402\/revisions\/1665"}],"wp:featuredmedia":[{"embeddable":true,"href":"http:\/\/intersoft.com.mx\/new\/wp-json\/wp\/v2\/media\/1343"}],"wp:attachment":[{"href":"http:\/\/intersoft.com.mx\/new\/wp-json\/wp\/v2\/media?parent=1402"}],"curies":[{"name":"wp","href":"https:\/\/api.w.org\/{rel}","templated":true}]}}